 (base 12) to base 13.
-91832b
-297279 (base 10) to base 2
-1001000100100111111
Convert -1412213 (base 8) to base 10.
-398475
-3952871 (base 11) to base 9
-13776142
Convert -40145001 (base 7) to base 5.
-1322303144
df71a (base 16) to base 14
19b774
Convert e7e5 (base 15) to base 4.
23332100
What is -2160457 (base 8) in base 6?
-20250051
2204434 (base 5) to base 12
1a087
What is 12131232441 (base 5) in base 6?
1230540524
What is -40102413 (base 5) in base 8?
-1151117
What is -433233124 (base 5) in base 2?
-111000100001110000001
What is 26331 (base 10) in base 4?
12123123
1c281a (base 15) to base 16
14fcda
What is 164344 (base 8) in base 12?
2a604
What is -1225135 (base 7) in base 15?
-31b8a
-1210202023 (base 4) to base 2
-1100100100010001011
What is -95156 (base 10) in base 15?
-1d2db
365b58 (base 16) to base 14
68a320
What is -200204 (base 9) in base 11?
-80943
What is 12200122100021 (base 3) in base 2?
1011100010010100001110
-10cb52 (base 13) to base 5
-100241313
What is -1233301103 (base 4) in base 6?
-13451255
Convert 461586 (base 9) to base 14.
72c18
What is 651456 (base 8) in base 14?
595a6
-3210513 (base 6) to base 10
-157005
Convert -780b9 (base 15) to base 6.
-12102233
Convert 3213537 (base 9) to base 16.
1a4508
What is -5445031 (base 7) in base 8?
-2426276
What is 354136 (base 9) in base 12?
a3306
Convert -60133a7 (base 12) to base 3.
-1020202120022201
What is -35cf87 (base 16) in base 12?
-122099b
Convert 1212102201 (base 3) to base 11.
25694
4b041 (base 12) to base 6
2104121
What is -456242 (base 7) in base 11?
-56198
424203 (base 8) to base 7
1126241
What is 12111220201112 (base 3) in base 15?
3cd722
Convert -3726a (base 11) to base 16.
-d136
Convert -409cc (base 13) to base 16.
-1c4dd
What is -63321 (base 11) in base 5?
-10422400
-3775569 (base 10) to base 15
-4e8a49
What is 2d237 (base 15) in base 11?
9a459
Convert -4012375 (base 8) to base 4.
-10001103331
Convert -500c60 (base 14) to base 5.
-1142112211
What is 323c4a (base 14) in base 13?
4772a8
Convert 2022113 (base 5) to base 3.
1122222012
-110111212011 (base 3) to base 13
-88150
Convert -13716 (base 14) to base 4.
-23232220
-3430967 (base 10) to base 7
-41106551
Convert 4214232 (base 7) to base 15.
a0839
Convert a9b338 (base 12) to base 9.
5056048
What is -2335253 (base 8) in base 14?
-128519
-10100101000100010001 (base 2) to base 16
-a5111
What is 10314314 (base 5) in base 13?
314ba
-277607 (base 13) to base 9
-1721338
What is 6171 (base 14) in base 10?
16759
-47893 (base 14) to base 7
-1324643
What is 1114030 (base 7) in base 8?
416012
Convert 37360 (base 14) to base 5.
13311003
902113 (base 10) to base 9
1624417
4ad9e (base 15) to base 7
2014511
What is c5265 (base 13) in base 12?
150b36
What is 81383 (base 16) in base 4?
2001032003
What is -530051430 (base 6) in base 12?
-3119b76
What is 142312451 (base 6) in base 5?
1221333103
Convert -2415576 (base 9) to base 4.
-10333300332
What is 300320331 (base 4) in base 8?
607075
What is -1412402 (base 6) in base 10?
-79634
Convert 388907 (base 13) to base 2.
101001100011000111111
Convert 1859d5 (base 14) to base 9.
1551740
Convert -6cfb (base 16) to base 5.
-1343044
Convert -12a335 (base 14) to base 16.
-9ceab
-130113101031 (base 4) to base 6
-423210513
Convert -16dd3c (base 15) to base 8.
-4167736
133310300 (base 4) to base 10
130352
-1004224110 (base 5) to base 9
-3723835
12002202222022 (base 3) to base 12
aa9445
232133202 (base 4) to base 12
92256
-680084 (base 9) to base 16
-6354a
Convert -11511454 (base 8) to base 9.
-4672737
Convert 2156564 (base 7) to base 8.
1010333
Convert -48172 (base 11) to base 10.
-69412
What is 13321313 (base 4) in base 11?
22362
Convert -30142401 (base 5) to base 15.
-4b336
What is -217054 (base 8) in base 2?
-10001111000101100
Convert 21363663 (base 8) to base 11.
2649aa8
What is -106320112 (base 7) in base 15?
-88d951
-701712 (base 14) to base 12
-13190b0
Convert 12d2b31 (base 14) to base 6.
523150251
2bc2d (base 14) to base 8
325541
What is 1311044302 (base 5) in base 6?
153015511
Convert 153649 (base 12) to base 13.
c72cc
Convert 14830 (base 16) to base 6.
1444544
What is 2686a3 (base 12) in base 4?
2123133123
What is 1110121124 (base 5) in base 12?
990212
279c6a (base 15) to base 16
1d167c
-242231042 (base 5) to base 8
-4245330
What is -303000021 (base 5) in base 7?
-13234145
What is 10211000002 (base 3) in base 4?
102111101
What is -426729 (base 12) in base 14?
-1d4001
Convert -6141453 (base 8) to base 5.
-403412302
Convert -132870 (base 10) to base 16.
-20706
-b067c2 (base 13) to base 16
-3e8aba
Convert -110001100221000 (base 3) to base 10.
-6404211
3915501 (base 10) to base 13
a71285
What is 1020111110 (base 3) in base 2?
101111101100100
What is -ae35a9 (base 15) in base 3?
-120122101112120
What is -6ed0 (base 16) in base 15?
-8613
Convert -107978 (base 10) to base 9.
-174105
What is -355024032 (base 6) in base 2?
-11001011101101101010100
-2ae88 (base 16) to base 10
-175752
What is 3426 (base 7) in base 11?
a32
Convert -43431210 (base 5) to base 14.
-9a3b4
b7aa09 (base 12) to base 3
12110101110200
Convert 15bd997 (base 14) to base 9.
22075504
Convert 201202220122 (base 3) to base 16.
5f066
-1020020313 (base 4) to base 6
-10155543
Convert -12003003 (base 4) to base 9.
-36873
-7335e3 (base 16) to base 7
-121114634
18b4cba (base 13) to base 3
120021122200200
What is -2334342 (base 6) in base 12?
-5a3b2
-1740411 (base 8) to base 14
-d329b
-387171 (base 12) to base 3
-1201222110111
21624311 (base 7) to base 15
26e98b
-206a8 (base 15) to base 5
-11242013
Convert -1100110000101111000100 (base 2) to base 8.
-14605704
What is -213323311 (base 4) in base 16?
-27ef5
Convert 41654 (base 11) to base 2.
1110110100001000
What is 85826 (base 12) in base 8?
527136
What is -13021211 (base 6) in base 16?
-67387
Convert 11110111111010101 (base 2) to base 4.
132333111
-253658 (base 10) to base 7
-2104346
2243213 (base 5) to base 7
225611
166802 (base 10) to base 15
34652
What is -5136a4 (base 14) in base 6?
-134355412
Convert 4c9323 (base 16) to base 4.
103021030203
-454244223 (base 6) to base 12
-2956673
1388747 (base 10) to base 2
101010011000011001011
4320030 (base 5) to base 11
4aa51
What is 3655 (base 16) in base 9?
21064
5d37b (base 16) to base 3
201101202110
What is -364665 (base 7) in base 16?
-103ec
-2558454 (base 9) to base 2
-101010101000110010001
1917588 (base 10) to base 15
27d293
-10017a5 (base 12) to base 5
-1231120340
Convert 1564210 (base 7) to base 15.
446e7
Convert -22225051 (base 7) to base 4.
-13111113313
What is 53224 (base 6) in base 5?
212331
What is cf3 (base 16) in base 9?
4483
What is 111411204 (base 6) in base 12?
823b04
461351 (base 9) to base 2
1000011100001100100
10101101001100110 (base 2) to base 7
516352
Convert 1100011111000100000011 (base 2) to base 3.
20011021122212
What is 65331 (base 15) in base 6?
10515414
What is 8246b (base 15) in base 13?
115b41
Convert -110011110000110100110 (base 2) to base 4.
-12132012212
What is -22023301 (base 8) in base 14?
-8b130d
What is 8ba77 (base 16) in base 8?
2135167
-20b810 (base 12) to base 4
-1332123030
-277e8 (base 15) to base 6
-2414232
Convert -405045114 (base 6) to base 5.
-3240124204
What is -314030433 (base 5) in base 4?
-11000322331
-12b244 (base 13) to base 8
-1564560
What is 31263052 (base 8) in base 11?
3829783
What is -4030701 (base 10) in base 13?
-ab183c
-103314 (base 7) to base 3
-220200110
What is 2736650 (base 8) in base 2?
10111011110110101000
Convert -89012 (base 14) to base 5.
-41111130
-90197 (base 10) to base 11
-61848
What is -474254 (base 8) in base 10?
-161964
46c (base 14) to base 5
12010
What is 30020312 (base 5) in base 16?
398bb
What is -132133020 (base 4) in base 9?
-210256
Convert -223311200 (base 5) to base 12.
-3bb672
Convert -556481 (base 11) to base 15.
-127c49
-16452163 (base 7) to base 2
-110001000111011101010
-220222111211 (base 3) to base 5
-111213334
-4391 (base 15) to base 7
-56503
Convert -851 (base 16) to base 8.
-4121
Convert 23402506 (base 7) to base 10.
2068198
-e6fb (base 16) to base 4
-32123323
200202221001 (base 3) to base 11
232715
What is 120675 (base 9) in base 12?
36105
2452445 (base 6) to base 8
400655
-18f13 (base 16) to base 12
-4b157
-3144135 (base 6) to base 12
-7504b
Convert